when 8495 is divided by 354?
353
Calculate the remainder when 96022 is divided by 6001.
6
What is the remainder when 2746 is divided by 834?
244
What is the remainder when 19236 is divided by 267?
12
What is the remainder when 1665 is divided by 492?
189
What is the remainder when 9446 is divided by 676?
658
Calculate the remainder when 24974 is divided by 1921.
1
Calculate the remainder when 5765 is divided by 1441.
1
What is the remainder when 49704 is divided by 11?
6
Calculate the remainder when 667 is divided by 152.
59
Calculate the remainder when 209606 is divided by 266.
264
What is the remainder when 2313 is divided by 754?
51
What is the remainder when 104204 is divided by 31?
13
Calculate the remainder when 14258 is divided by 1017.
20
What is the remainder when 4150 is divided by 11?
3
What is the remainder when 29435 is divided by 19?
4
Calculate the remainder when 17410 is divided by 5797.
19
Calculate the remainder when 4061 is divided by 1014.
5
Calculate the remainder when 5332 is divided by 1013.
267
Calculate the remainder when 9848 is divided by 167.
162
Calculate the remainder when 1056823 is divided by 275.
273
Calculate the remainder when 61239 is divided by 1302.
45
What is the remainder when 3697 is divided by 70?
57
What is the remainder when 1697 is divided by 1557?
140
What is the remainder when 320742 is divided by 41?
40
Calculate the remainder when 20287 is divided by 328.
279
What is the remainder when 200695 is divided by 21?
19
Calculate the remainder when 1246 is divided by 577.
92
What is the remainder when 4600930 is divided by 12?
10
Calculate the remainder when 1905 is divided by 490.
435
What is the remainder when 61947 is divided by 17?
16
What is the remainder when 1352 is divided by 46?
18
Calculate the remainder when 14552 is divided by 7.
6
What is the remainder when 7464 is divided by 102?
18
What is the remainder when 16150 is divided by 5375?
25
Calculate the remainder when 105387 is divided by 26337.
39
What is the remainder when 8909 is divided by 18?
17
Calculate the remainder when 3063 is divided by 1404.
255
Calculate the remainder when 29056 is divided by 199.
2
What is the remainder when 21102 is divided by 391?
379
What is the remainder when 1009306 is divided by 1812?
22
Calculate the remainder when 5304 is divided by 302.
170
What is the remainder when 6700 is divided by 2154?
238
What is the remainder when 53784 is divided by 226?
222
What is the remainder when 7111 is divided by 5709?
1402
What is the remainder when 446604 is divided by 41?
32
What is the remainder when 951177 is divided by 52?
45
Calculate the remainder when 108458 is divided by 153.
134
Calculate the remainder when 2412 is divided by 10.
2
Calculate the remainder when 2661 is divided by 16.
5
Calculate the remainder when 42585 is divided by 636.
609
Calculate the remainder when 13394 is divided by 6652.
90
Calculate the remainder when 4084 is divided by 53.
3
What is the remainder when 8903 is divided by 45?
38
Calculate the remainder when 12981 is divided by 3233.
49
Calculate the remainder when 7021 is divided by 585.
1
Calculate the remainder when 4702 is divided by 16.
14
What is the remainder when 790 is divided by 364?
62
What is the remainder when 7149 is divided by 797?
773
What is the remainder when 215062 is divided by 116?
114
Calculate the remainder when 1286 is divided by 56.
54
What is the remainder when 65343 is divided by 9330?
33
Calculate the remainder when 25016 is divided by 8336.
8
Calculate the remainder when 20819 is divided by 21.
8
Calculate the remainder when 276649 is divided by 110.
109
Calculate the remainder when 2877416 is divided by 124.
120
Calculate the remainder when 65913 is divided by 65882.
31
Calculate the remainder when 3600 is divided by 211.
13
What is the remainder when 1042 is divided by 43?
10
What is the remainder when 734 is divided by 186?
176
What is the remainder when 8243 is divided by 168?
11
What is the remainder when 369926 is divided by 1644?
26
Calculate the remainder when 9481 is divided by 439.
262
What is the remainder when 223641 is divided by 111819?
3
What is the remainder when 30854 is divided by 29?
27
Calculate the remainder when 59244 is divided by 898.
874
What is the remainder when 8245 is divided by 2016?
181
What is the remainder when 18443 is divided by 657?
47
Calculate the remainder when 6599 is divided by 6315.
284
What is the remainder when 489449 is divided by 39?
38
Calculate the remainder when 78508 is divided by 48.
28
What is the remainder when 12759 is divided by 4252?
3
Calculate the remainder when 858 is divided by 34.
8
Calculate the remainder when 13423 is divided by 707.
697
What is the remainder when 2533 is divided by 757?
262
Calculate the remainder when 510 is divided by 456.
54
What is the remainder when 44273 is divided by 492?
485
Calculate the remainder when 3285 is divided by 826.
807
What is the remainder when 88254 is divided by 22025?
154
Calculate the remainder when 32095 is divided by 10690.
25
Calculate the remainder when 98942 is divided by 924.
74
What is the remainder when 6017 is divided by 81?
23
Calculate the remainder when 6890 is divided by 404.
22
Calculate the remainder when 6483 is divided by 141.
138
Calculate the remainder when 16134 is divided by 12.
6
What is the remainder when 130926 is divided by 69?
33
Calculate the remainder when 63543 is divided by 103.
95
What is the remainder when 250317 is divided by 168?
165
Calculate the remainder when 2273644 is divided by 26.
22
Calculate the remainder when 3181 is divided by 1587.
7
What is the remainder when 1970 is divided by 966?
38
Calculate the remainder when 88387 is divided by 355.
347
Calculate the remainder when 31814 is divided by 319.
233
What is the remainder when 214873 is divided by 11937?
7
What is the remainder when 390586 is divided by 121?
119
Calculate the remainder when 4321 is divided by 3418.
903
What is the remainder when 174205 is divided by 87092?
21
What is the remainder when 10916 is divided by 1818?
8
What is the remainder when 55376 is divided by 3690?
26
What is the remainder when 181790 is divided by 23?
21
What is the remainder when 9639 is divided by 307?
122
What is the remainder when 192546 is divided by 10?
6
What is the remainder when 17154 is divided by 5707?
33
What is the remainder when 2434 is divided by 151?
18
What is the remainder when 7127 is divided by 18?
17
Calculate the remainder when 5571 is divided by 619.
0
Calculate the remainder when 1832 is divided by 592.
56
What is the remainder when 531554 is divided by 68?
66
What is the remainder when 22711 is divided by 688?
7
What is the remainder when 9830 is divided by 243?
110
What is the remainder when 14324 is divided by 2359?
170
What is the remainder when 6296 is divided by 3135?
26
Calculate the remainder when 4302 is divided by 166.
152
Calculate the remainder when 138760 is divided by 9.
7
Calculate the remainder when 74776 is divided by 24922.
10
What is the remainder when 357 is divided by 131?
95
Calculate the remainder when 34502 is divided by 515.
512
What is the remainder when 130556 is divided by 65278?
0
Calculate the remainder when 1131517 is divided by 929.
924
Calculate the remainder when 15179 is divided by 1164.
47
Calculate the remainder when 3885 is divided by 7.
0
What is the remainder when 300693 is divided by 82?
81
Calculate the remainder when 17332 is divided by 13.
3
What is the remainder when 773393 is divided by 64448?
17
What is the remainder when 31924 is divided by 27?
10
Calculate the remainder when 1835 is divided by 58.
37
What is the remainder when 76335 is divided by 848?
15
Calculate the remainder when 14433 is divided by 725.
658
What is the remainder when 1497664 is divided by 106976?
0
What is the remainder when 7325574 is divided by 8?
6
Calculate the remainder when 695 is divided by 647.
48
What is the remainder when 75181 is divided by 210?
1
What is the remainder when 2903 is divided by 2871?
32
What is the remainder when 22742 is divided by 354?
86
Calculate the remainder when 233141 is divided by 273.
272
What is the remainder when 1979 is divided by 39?
29
Calculate the remainder when 23080 is divided by 6